{"id":11596,"date":"2026-03-18T17:45:29","date_gmt":"2026-03-18T16:45:29","guid":{"rendered":"https:\/\/www.solutions-informatiques.com\/?page_id=11596"},"modified":"2026-03-23T14:14:06","modified_gmt":"2026-03-23T13:14:06","slug":"nos-secteurs-dactivite","status":"publish","type":"page","link":"https:\/\/www.solutions-informatiques.com\/index.php\/nos-secteurs-dactivite\/","title":{"rendered":"NOS SECTEURS D&rsquo;ACTIVIT\u00c9"},"content":{"rendered":"\t\t<div data-elementor-type=\"wp-page\" data-elementor-id=\"11596\" class=\"elementor elementor-11596\">\n\t\t\t\t\t\t<section class=\"elementor-section elementor-top-section elementor-element elementor-element-40c43ca elementor-section-boxed elementor-section-height-default elementor-section-height-default wpr-particle-no wpr-jarallax-no wpr-parallax-no wpr-sticky-section-no wpr-column-slider-no wpr-equal-height-no\" data-id=\"40c43ca\" data-element_type=\"section\" data-e-type=\"section\" data-settings=\"{&quot;background_background&quot;:&quot;classic&quot;}\">\n\t\t\t\t\t\t<div class=\"elementor-container elementor-column-gap-default\">\n\t\t\t\t\t<div class=\"elementor-column elementor-col-100 elementor-top-column elementor-element elementor-element-638e15a\" data-id=\"638e15a\" data-element_type=\"column\" data-e-type=\"column\">\n\t\t\t<div class=\"elementor-widget-wrap elementor-element-populated\">\n\t\t\t\t\t\t<div class=\"elementor-element elementor-element-8344a6c elementor-widget elementor-widget-heading\" data-id=\"8344a6c\" data-element_type=\"widget\" data-e-type=\"widget\" data-widget_type=\"heading.default\">\n\t\t\t\t<div class=\"elementor-widget-container\">\n\t\t\t\t\t<h2 class=\"elementor-heading-title elementor-size-default\">NOS SECTEURS D'ACTIVIT\u00c9<\/h2>\t\t\t\t<\/div>\n\t\t\t\t<\/div>\n\t\t\t\t<div class=\"elementor-element elementor-element-fbada5b elementor-widget-divider--view-line elementor-widget elementor-widget-divider\" data-id=\"fbada5b\" data-element_type=\"widget\" data-e-type=\"widget\" data-widget_type=\"divider.default\">\n\t\t\t\t<div class=\"elementor-widget-container\">\n\t\t\t\t\t\t\t<div class=\"elementor-divider\">\n\t\t\t<span class=\"elementor-divider-separator\">\n\t\t\t\t\t\t<\/span>\n\t\t<\/div>\n\t\t\t\t\t\t<\/div>\n\t\t\t\t<\/div>\n\t\t\t\t<div class=\"elementor-element elementor-element-8cc73f7 elementor-widget elementor-widget-spacer\" data-id=\"8cc73f7\" data-element_type=\"widget\" data-e-type=\"widget\" data-widget_type=\"spacer.default\">\n\t\t\t\t<div class=\"elementor-widget-container\">\n\t\t\t\t\t\t\t<div class=\"elementor-spacer\">\n\t\t\t<div class=\"elementor-spacer-inner\"><\/div>\n\t\t<\/div>\n\t\t\t\t\t\t<\/div>\n\t\t\t\t<\/div>\n\t\t\t\t<div class=\"elementor-element elementor-element-028aae0 elementor-widget elementor-widget-text-editor\" data-id=\"028aae0\" data-element_type=\"widget\" data-e-type=\"widget\" data-widget_type=\"text-editor.default\">\n\t\t\t\t<div class=\"elementor-widget-container\">\n\t\t\t\t\t\t\t\t\t<p>Nous accompagnons des structures aux profils et aux enjeux vari\u00e9s, en adaptant nos solutions aux r\u00e9alit\u00e9s de chaque secteur.<\/p>\t\t\t\t\t\t\t\t<\/div>\n\t\t\t\t<\/div>\n\t\t\t\t<section class=\"elementor-section elementor-inner-section elementor-element elementor-element-21927da elementor-section-boxed elementor-section-height-default elementor-section-height-default wpr-particle-no wpr-jarallax-no wpr-parallax-no wpr-sticky-section-no wpr-column-slider-no wpr-equal-height-no elementor-invisible\" data-id=\"21927da\" data-element_type=\"section\" data-e-type=\"section\" data-settings=\"{&quot;animation&quot;:&quot;headShake&quot;}\">\n\t\t\t\t\t\t<div class=\"elementor-container elementor-column-gap-default\">\n\t\t\t\t\t<div class=\"elementor-column elementor-col-33 elementor-inner-column elementor-element elementor-element-b61a86c\" data-id=\"b61a86c\" data-element_type=\"column\" data-e-type=\"column\">\n\t\t\t<div class=\"elementor-widget-wrap elementor-element-populated\">\n\t\t\t\t\t\t<div class=\"elementor-element elementor-element-95efc40 wpr-promo-box-style-cover elementor-widget elementor-widget-wpr-promo-box\" data-id=\"95efc40\" data-element_type=\"widget\" data-e-type=\"widget\" data-widget_type=\"wpr-promo-box.default\">\n\t\t\t\t<div class=\"elementor-widget-container\">\n\t\t\t\t\t\n\t\t<div class=\"wpr-promo-box wpr-animation-wrap\">\n\n\t\t\t\t\t\t<a class=\"wpr-promo-box-link\" href=\"#\"><\/a>\t\n\t\t\t\t\t\t\t\n\t\t\t\t\t\t\t<div class=\"wpr-promo-box-image\">\n\t\t\t\t\t<div class=\"wpr-promo-box-bg-image wpr-bg-anim-zoom-in wpr-anim-timing-ease-default\" style=\"background-image:url(https:\/\/www.solutions-informatiques.com\/wp-content\/uploads\/2025\/08\/pic-3.jpg);\"><\/div>\n\t\t\t\t\t<div class=\"wpr-promo-box-bg-overlay wpr-border-anim-jazz\"><\/div>\n\t\t\t\t<\/div>\n\t\t\t\t\t\t\n\t\t\t<div class=\"wpr-promo-box-content\">\n\n\t\t\t\t\t\t\t\t<div class=\"wpr-promo-box-icon\">\n\t\t\t\t\t\t\t\t\t<\/div>\n\t\t\t\t\n\t\t\t\t<h3 class=\"wpr-promo-box-title\"><span>Commerce<\/span><\/h3>\n\t\t\t\t\n\t\t\t\t\t\t\t<\/div>\n\n\t\t\t\t\t<\/div>\n\n\t\t\t\t\t\t<\/div>\n\t\t\t\t<\/div>\n\t\t\t\t\t<\/div>\n\t\t<\/div>\n\t\t\t\t<div class=\"elementor-column elementor-col-33 elementor-inner-column elementor-element elementor-element-98bf756\" data-id=\"98bf756\" data-element_type=\"column\" data-e-type=\"column\">\n\t\t\t<div class=\"elementor-widget-wrap elementor-element-populated\">\n\t\t\t\t\t\t<div class=\"elementor-element elementor-element-0e6e506 wpr-promo-box-style-cover elementor-widget elementor-widget-wpr-promo-box\" data-id=\"0e6e506\" data-element_type=\"widget\" data-e-type=\"widget\" data-widget_type=\"wpr-promo-box.default\">\n\t\t\t\t<div class=\"elementor-widget-container\">\n\t\t\t\t\t\n\t\t<div class=\"wpr-promo-box wpr-animation-wrap\">\n\n\t\t\t\t\t\t<a class=\"wpr-promo-box-link\" href=\"#\"><\/a>\t\n\t\t\t\t\t\t\t\n\t\t\t\t\t\t\t<div class=\"wpr-promo-box-image\">\n\t\t\t\t\t<div class=\"wpr-promo-box-bg-image wpr-bg-anim-zoom-in wpr-anim-timing-ease-default\" style=\"background-image:url(https:\/\/www.solutions-informatiques.com\/wp-content\/uploads\/2026\/03\/creation_association-1024x567-1.jpeg);\"><\/div>\n\t\t\t\t\t<div class=\"wpr-promo-box-bg-overlay wpr-border-anim-jazz\"><\/div>\n\t\t\t\t<\/div>\n\t\t\t\t\t\t\n\t\t\t<div class=\"wpr-promo-box-content\">\n\n\t\t\t\t\t\t\t\t<div class=\"wpr-promo-box-icon\">\n\t\t\t\t\t\t\t\t\t<\/div>\n\t\t\t\t\n\t\t\t\t<h3 class=\"wpr-promo-box-title\"><span>Association<\/span><\/h3>\n\t\t\t\t\n\t\t\t\t\t\t\t<\/div>\n\n\t\t\t\t\t<\/div>\n\n\t\t\t\t\t\t<\/div>\n\t\t\t\t<\/div>\n\t\t\t\t\t<\/div>\n\t\t<\/div>\n\t\t\t\t<div class=\"elementor-column elementor-col-33 elementor-inner-column elementor-element elementor-element-d06ec4d\" data-id=\"d06ec4d\" data-element_type=\"column\" data-e-type=\"column\">\n\t\t\t<div class=\"elementor-widget-wrap elementor-element-populated\">\n\t\t\t\t\t\t<div class=\"elementor-element elementor-element-4ac0d22 wpr-promo-box-style-cover elementor-widget elementor-widget-wpr-promo-box\" data-id=\"4ac0d22\" data-element_type=\"widget\" data-e-type=\"widget\" data-widget_type=\"wpr-promo-box.default\">\n\t\t\t\t<div class=\"elementor-widget-container\">\n\t\t\t\t\t\n\t\t<div class=\"wpr-promo-box wpr-animation-wrap\">\n\n\t\t\t\t\t\t<a class=\"wpr-promo-box-link\" href=\"#\"><\/a>\t\n\t\t\t\t\t\t\t\n\t\t\t\t\t\t\t<div class=\"wpr-promo-box-image\">\n\t\t\t\t\t<div class=\"wpr-promo-box-bg-image wpr-bg-anim-zoom-in wpr-anim-timing-ease-default\" style=\"background-image:url(https:\/\/www.solutions-informatiques.com\/wp-content\/uploads\/2026\/03\/financementecole645x362.webp);\"><\/div>\n\t\t\t\t\t<div class=\"wpr-promo-box-bg-overlay wpr-border-anim-jazz\"><\/div>\n\t\t\t\t<\/div>\n\t\t\t\t\t\t\n\t\t\t<div class=\"wpr-promo-box-content\">\n\n\t\t\t\t\t\t\t\t<div class=\"wpr-promo-box-icon\">\n\t\t\t\t\t\t\t\t\t<\/div>\n\t\t\t\t\n\t\t\t\t<h3 class=\"wpr-promo-box-title\"><span>Education<\/span><\/h3>\n\t\t\t\t\n\t\t\t\t\t\t\t<\/div>\n\n\t\t\t\t\t<\/div>\n\n\t\t\t\t\t\t<\/div>\n\t\t\t\t<\/div>\n\t\t\t\t\t<\/div>\n\t\t<\/div>\n\t\t\t\t\t<\/div>\n\t\t<\/section>\n\t\t\t\t<div class=\"elementor-element elementor-element-972cc4b elementor-widget elementor-widget-spacer\" data-id=\"972cc4b\" data-element_type=\"widget\" data-e-type=\"widget\" data-widget_type=\"spacer.default\">\n\t\t\t\t<div class=\"elementor-widget-container\">\n\t\t\t\t\t\t\t<div class=\"elementor-spacer\">\n\t\t\t<div class=\"elementor-spacer-inner\"><\/div>\n\t\t<\/div>\n\t\t\t\t\t\t<\/div>\n\t\t\t\t<\/div>\n\t\t\t\t<div class=\"elementor-element elementor-element-bb408a9 elementor-widget-divider--view-line elementor-widget elementor-widget-divider\" data-id=\"bb408a9\" data-element_type=\"widget\" data-e-type=\"widget\" data-widget_type=\"divider.default\">\n\t\t\t\t<div class=\"elementor-widget-container\">\n\t\t\t\t\t\t\t<div class=\"elementor-divider\">\n\t\t\t<span class=\"elementor-divider-separator\">\n\t\t\t\t\t\t<\/span>\n\t\t<\/div>\n\t\t\t\t\t\t<\/div>\n\t\t\t\t<\/div>\n\t\t\t\t<div class=\"elementor-element elementor-element-e7bac71 elementor-widget elementor-widget-heading\" data-id=\"e7bac71\" data-element_type=\"widget\" data-e-type=\"widget\" data-widget_type=\"heading.default\">\n\t\t\t\t<div class=\"elementor-widget-container\">\n\t\t\t\t\t<h2 class=\"elementor-heading-title elementor-size-default\">Entreprises<\/h2>\t\t\t\t<\/div>\n\t\t\t\t<\/div>\n\t\t\t\t<div class=\"elementor-element elementor-element-dd3e632 elementor-widget elementor-widget-text-editor\" data-id=\"dd3e632\" data-element_type=\"widget\" data-e-type=\"widget\" data-widget_type=\"text-editor.default\">\n\t\t\t\t<div class=\"elementor-widget-container\">\n\t\t\t\t\t\t\t\t\t<div>Nous travaillons avec des entreprises de toutes tailles, de la TPE aux organisations plus structur\u00e9es.<\/div><div><p>Nos interventions couvrent aussi bien les besoins du quotidien (poste de travail, messagerie, support utilisateurs) que des projets plus strat\u00e9giques : infrastructure, s\u00e9curit\u00e9, cloud, modernisation des outils et accompagnement \u00e0 long terme.<\/p><p>Notre objectif : garantir la fiabilit\u00e9 du syst\u00e8me d\u2019information tout en soutenant la performance et la croissance de l\u2019entreprise.<\/p><\/div>\t\t\t\t\t\t\t\t<\/div>\n\t\t\t\t<\/div>\n\t\t\t\t<div class=\"elementor-element elementor-element-7d99fd2 elementor-widget elementor-widget-heading\" data-id=\"7d99fd2\" data-element_type=\"widget\" data-e-type=\"widget\" data-widget_type=\"heading.default\">\n\t\t\t\t<div class=\"elementor-widget-container\">\n\t\t\t\t\t<h2 class=\"elementor-heading-title elementor-size-default\">Association<\/h2>\t\t\t\t<\/div>\n\t\t\t\t<\/div>\n\t\t\t\t<div class=\"elementor-element elementor-element-1e80128 elementor-widget elementor-widget-text-editor\" data-id=\"1e80128\" data-element_type=\"widget\" data-e-type=\"widget\" data-widget_type=\"text-editor.default\">\n\t\t\t\t<div class=\"elementor-widget-container\">\n\t\t\t\t\t\t\t\t\t<p>Nous accompagnons les associations en tenant compte de leurs contraintes sp\u00e9cifiques, notamment budg\u00e9taires et organisationnelles.<br \/>Nous proposons des solutions simples, efficaces et p\u00e9rennes, adapt\u00e9es \u00e0 des \u00e9quipes souvent compos\u00e9es de b\u00e9n\u00e9voles, avec un souci particulier de clart\u00e9, de fiabilit\u00e9 et de ma\u00eetrise des co\u00fbts.<br \/>Nous intervenons aussi bien sur la mise en place que sur le maintien et l\u2019\u00e9volution des outils informatiques.<\/p>\t\t\t\t\t\t\t\t<\/div>\n\t\t\t\t<\/div>\n\t\t\t\t<div class=\"elementor-element elementor-element-e673cad elementor-widget elementor-widget-heading\" data-id=\"e673cad\" data-element_type=\"widget\" data-e-type=\"widget\" data-widget_type=\"heading.default\">\n\t\t\t\t<div class=\"elementor-widget-container\">\n\t\t\t\t\t<h2 class=\"elementor-heading-title elementor-size-default\">Education et formation<\/h2>\t\t\t\t<\/div>\n\t\t\t\t<\/div>\n\t\t\t\t<div class=\"elementor-element elementor-element-6f1911f elementor-widget elementor-widget-text-editor\" data-id=\"6f1911f\" data-element_type=\"widget\" data-e-type=\"widget\" data-widget_type=\"text-editor.default\">\n\t\t\t\t<div class=\"elementor-widget-container\">\n\t\t\t\t\t\t\t\t\t<p>Nous intervenons aupr\u00e8s des acteurs du monde \u00e9ducatif : \u00e9coles, \u00e9tablissements d\u2019enseignement et organismes de formation.<br \/>Nos solutions prennent en compte les usages p\u00e9dagogiques, la gestion des utilisateurs (\u00e9l\u00e8ves, enseignants, personnels), la s\u00e9curit\u00e9 des donn\u00e9es et la continuit\u00e9 de service.<br \/>Nous accompagnons ces structures dans la mise en place d\u2019environnements num\u00e9riques adapt\u00e9s, fiables et conformes aux exigences du secteur.<\/p>\t\t\t\t\t\t\t\t<\/div>\n\t\t\t\t<\/div>\n\t\t\t\t<div class=\"elementor-element elementor-element-549d8ed elementor-widget-divider--view-line elementor-widget elementor-widget-divider\" data-id=\"549d8ed\" data-element_type=\"widget\" data-e-type=\"widget\" data-widget_type=\"divider.default\">\n\t\t\t\t<div class=\"elementor-widget-container\">\n\t\t\t\t\t\t\t<div class=\"elementor-divider\">\n\t\t\t<span class=\"elementor-divider-separator\">\n\t\t\t\t\t\t<\/span>\n\t\t<\/div>\n\t\t\t\t\t\t<\/div>\n\t\t\t\t<\/div>\n\t\t\t\t<div class=\"elementor-element elementor-element-c850c40 elementor-widget elementor-widget-text-editor\" data-id=\"c850c40\" data-element_type=\"widget\" data-e-type=\"widget\" data-widget_type=\"text-editor.default\">\n\t\t\t\t<div class=\"elementor-widget-container\">\n\t\t\t\t\t\t\t\t\t<p><style>\na {<br \/>    text-decoration: none;<br \/>    color: #464feb;<br \/>}<br \/>tr th, tr td {<br \/>    border: 1px solid #e6e6e6;<br \/>}<br \/>tr th {<br \/>    background-color: #f5f5f5;<br \/>}<br \/><\/style><\/p><p>Pour chaque secteur d\u2019activit\u00e9, nous avons \u00e9labor\u00e9 des catalogues de services et de solutions sur mesure, int\u00e9grant des offres concr\u00e8tes telles que :<\/p><div>\u00a0<\/div><ul><li><strong>Infog\u00e9rance<\/strong><\/li><li><strong>Support utilisateurs<\/strong><\/li><li><strong>Solutions cloud<\/strong><\/li><li><strong>Cybers\u00e9curit\u00e9<\/strong><\/li><li><strong>Sauvegarde des donn\u00e9es<\/strong>\u00a0<\/li><li><strong>Accompagnement \u00e0 la modernisation des syst\u00e8mes d\u2019information<\/strong>.<\/li><\/ul><p>\u00a0<\/p><p>Nous nous appuyons sur des partenaires technologiques de r\u00e9f\u00e9rence, comme <strong>Microsoft<\/strong>, afin de garantir des solutions fiables, performantes et conformes aux standards du march\u00e9.<\/p><p>Dans ce cadre, nous proposons des <strong>conditions tarifaires pr\u00e9f\u00e9rentielles d\u00e9di\u00e9es au monde associatif et au secteur de l\u2019\u00e9ducation<\/strong>, leur permettant d\u2019acc\u00e9der \u00e0 des technologies professionnelles tout en ma\u00eetrisant leurs co\u00fbts.<\/p><p>Notre \u00e9quipe commerciale est \u00e0 l\u2019\u00e9coute de chaque projet afin d\u2019en comprendre pr\u00e9cis\u00e9ment les enjeux, de dimensionner un accompagnement adapt\u00e9 et de proposer des solutions permettant d\u2019atteindre les objectifs fix\u00e9s, tout en optimisant le budget et en garantissant la s\u00e9curit\u00e9 des donn\u00e9es.<\/p>\t\t\t\t\t\t\t\t<\/div>\n\t\t\t\t<\/div>\n\t\t\t\t\t<\/div>\n\t\t<\/div>\n\t\t\t\t\t<\/div>\n\t\t<\/section>\n\t\t\t\t<\/div>\n\t\t","protected":false},"excerpt":{"rendered":"<p>NOS SECTEURS D&rsquo;ACTIVIT\u00c9 Nous accompagnons des structures aux profils et aux enjeux vari\u00e9s, en adaptant nos solutions aux r\u00e9alit\u00e9s de chaque secteur. Commerce Association Education Entreprises Nous travaillons avec des entreprises de toutes tailles, de la TPE aux organisations plus structur\u00e9es. Nos interventions couvrent aussi bien les besoins du quotidien (poste de travail, messagerie, support utilisateurs) que des projets plus strat\u00e9giques : infrastructure, s\u00e9curit\u00e9, cloud, modernisation des outils et accompagnement \u00e0 long terme. Notre objectif : garantir la fiabilit\u00e9 du syst\u00e8me d\u2019information tout en soutenant la performance et la croissance de l\u2019entreprise. Association Nous accompagnons les associations en tenant compte de leurs contraintes sp\u00e9cifiques, notamment budg\u00e9taires et organisationnelles.Nous proposons des solutions simples, efficaces et p\u00e9rennes, adapt\u00e9es \u00e0 des \u00e9quipes souvent compos\u00e9es de b\u00e9n\u00e9voles, avec un souci particulier de clart\u00e9, de fiabilit\u00e9 et de ma\u00eetrise des co\u00fbts.Nous intervenons aussi bien sur la mise en place que sur le maintien et l\u2019\u00e9volution des outils informatiques. Education et formation Nous intervenons aupr\u00e8s des acteurs du monde \u00e9ducatif : \u00e9coles, \u00e9tablissements d\u2019enseignement et organismes de formation.Nos solutions prennent en compte les usages p\u00e9dagogiques, la gestion des utilisateurs (\u00e9l\u00e8ves, enseignants, personnels), la s\u00e9curit\u00e9 des donn\u00e9es et la continuit\u00e9 de service.Nous accompagnons ces structures dans la mise en place d\u2019environnements num\u00e9riques adapt\u00e9s, fiables et conformes aux exigences du secteur. Pour chaque secteur d\u2019activit\u00e9, nous avons \u00e9labor\u00e9 des catalogues de services et de solutions sur mesure, int\u00e9grant des offres concr\u00e8tes telles que : \u00a0 Infog\u00e9rance Support utilisateurs Solutions cloud Cybers\u00e9curit\u00e9 Sauvegarde des donn\u00e9es\u00a0 Accompagnement \u00e0 la modernisation des syst\u00e8mes d\u2019information. \u00a0 Nous nous appuyons sur des partenaires technologiques de r\u00e9f\u00e9rence, comme Microsoft, afin de garantir des solutions fiables, performantes et conformes aux standards du march\u00e9. Dans ce cadre, nous proposons des conditions tarifaires pr\u00e9f\u00e9rentielles d\u00e9di\u00e9es au monde associatif et au secteur de l\u2019\u00e9ducation, leur permettant d\u2019acc\u00e9der \u00e0 des technologies professionnelles tout en ma\u00eetrisant leurs co\u00fbts. Notre \u00e9quipe commerciale est \u00e0 l\u2019\u00e9coute de chaque projet afin d\u2019en comprendre pr\u00e9cis\u00e9ment les enjeux, de dimensionner un accompagnement adapt\u00e9 et de proposer des solutions permettant d\u2019atteindre les objectifs fix\u00e9s, tout en optimisant le budget et en garantissant la s\u00e9curit\u00e9 des donn\u00e9es.<\/p>\n","protected":false},"author":1,"featured_media":0,"parent":0,"menu_order":0,"comment_status":"closed","ping_status":"closed","template":"elementor_canvas","meta":{"_eb_attr":"","footnotes":""},"class_list":["post-11596","page","type-page","status-publish","hentry"],"_links":{"self":[{"href":"https:\/\/www.solutions-informatiques.com\/index.php\/wp-json\/wp\/v2\/pages\/11596","targetHints":{"allow":["GET"]}}],"collection":[{"href":"https:\/\/www.solutions-informatiques.com\/index.php\/wp-json\/wp\/v2\/pages"}],"about":[{"href":"https:\/\/www.solutions-informatiques.com\/index.php\/wp-json\/wp\/v2\/types\/page"}],"author":[{"embeddable":true,"href":"https:\/\/www.solutions-informatiques.com\/index.php\/wp-json\/wp\/v2\/users\/1"}],"replies":[{"embeddable":true,"href":"https:\/\/www.solutions-informatiques.com\/index.php\/wp-json\/wp\/v2\/comments?post=11596"}],"version-history":[{"count":58,"href":"https:\/\/www.solutions-informatiques.com\/index.php\/wp-json\/wp\/v2\/pages\/11596\/revisions"}],"predecessor-version":[{"id":11728,"href":"https:\/\/www.solutions-informatiques.com\/index.php\/wp-json\/wp\/v2\/pages\/11596\/revisions\/11728"}],"wp:attachment":[{"href":"https:\/\/www.solutions-informatiques.com\/index.php\/wp-json\/wp\/v2\/media?parent=11596"}],"curies":[{"name":"wp","href":"https:\/\/api.w.org\/{rel}","templated":true}]}}